- 5. Let j be s(7). Suppose -j*y - 8 = 2*y. List the prime factors of g(y).
2, 5
Let o = 12 - -123. What are the prime factors of o/12 + (-1)/4?
11
Let z = -9 + 12. Suppose 2*f + 40 = i, z*i - 88 = 3*f + 20. What are the prime factors of i?
2
Let x(f) = -f**2 + 7*f + 5. List the prime factors of x(7).
5
Suppose 129 = -4*p + 7*p. What are the prime factors of p?
43
Suppose 0 = -4*i + 301 + 287. What are the prime factors of i?
3, 7
Suppose -100 = -2*q - 0*q + x, 212 = 4*q + x. What are the prime factors of q?
2, 13
Let i = 20 + 5. What are the prime factors of i?
5
Suppose -6*o - 220 = -10*o. What are the prime factors of (-44)/o*(-5)/2?
2
Suppose -12 = q - 5*q + 5*j, -5*j = 0. Let v(s) = s**3 - 4*s**2 + 2*s + 3. Let w be v(q). List the prime factors of (1 - w)/(1/11).
11
Let x = 7 + -4. Suppose 53 = x*l - 10. What are the prime factors of l?
3, 7
Let l(q) = q**3 - 4*q**2 - 6*q + 7. Suppose 0 = y - 6*y + 25. Let o be l(y). Let j(n) = -n**3 + 2*n**2 + 3*n - 1. List the prime factors of j(o).
5
Let g = -10 - -6. What are the prime factors of g/(-6) - (-40)/3?
2, 7
Suppose -126 = -4*f + 6. Suppose -4*z + f = -3*z. Suppose -5*w + z = -4*q, -2*w - 6*q + q = 0. What are the prime factors of w?
5
Suppose 0 = -3*g + 15, 3*f - g - 45 = 25. Suppose 0*n - 2*n = -k + f, -k + 31 = -5*n. What are the prime factors of k?
3, 7
Suppose -z = 3*p - 13, -11*p = 4*z - 7*p - 44. List the prime factors of z.
2, 5
Let q = 1 - -103. What are the prime factors of q?
2, 13
Let z = -6 - -6. List the prime factors of (z + (-2)/(-6))*33.
11
Let q(h) = h**3 - 2*h**2 - 2*h - 2. Let d be q(3). Suppose 5*z + 6 = -9. What are the prime factors of z/d + 2 + 9?
2
Suppose 58 = 3*c - 122. What are the prime factors of c?
2, 3, 5
Suppose 0 = -2*t + 8, 2*p + 9 = p - 4*t. Let y = 41 + p. List the prime factors of y.
2
Suppose -u = -2*j + 123, 5*j + 5*u - 291 = 24. Suppose j = 3*b + 2. List the prime factors of b.
2, 5
Suppose 3*k - 2*k - 3 = 0. Suppose -f - k = -5. What are the prime factors of f?
2
Suppose -5*y - 3*t = -256, -3*y - 2*t + 153 = -0*y. What are the prime factors of y?
53
List the prime factors of (-11)/(-5) + (-14)/70.
2
Suppose -5*d + 152 = 2*a, -2*a - 8 = -0. List the prime factors of d.
2
Suppose w = -w + 24. Suppose -5*u = -2*r - 1, -u + w = 4*r + 3. What are the prime factors of (1 - 2)/(u/(-6))?
2, 3
What are the prime factors of -2*(-2)/(16/212)?
53
Suppose 4*v + v + 45 = 0. Let f(q) = -q**3 - 2*q**2 - 3*q - 1. Let w be f(-3). Let i = v + w. What are the prime factors of i?
2
Let q be (3 - -42) + (-2 - 1). Suppose 4*s = 6*s - q. What are the prime factors of s?
3, 7
Let v(y) = -y**2 - y. Let k(h) = -4*h**2 + h - 14. Let l(b) = -k(b) + 3*v(b). What are the prime factors of l(6)?
2, 13
Let a(z) = -6*z + 3*z - 3 + z. Let c be a(-3). Suppose 3*m = -2*y + 2, c*m = -3 - 9. What are the prime factors of y?
7
Suppose 2*m + 78 = p, 5*p - 216 = 3*m + 202. List the prime factors of p.
2, 43
List the prime factors of (-2)/(-3 + (-186)/(-63)).
2, 3, 7
Suppose 0 = -0*w - w + 17. Suppose q - 6*q = 2*n - 19, -4*n = 3*q - w. What are the prime factors of n?
2
Suppose -4*f - 907 = -5*v, 0*v + v - 176 = -f. List the prime factors of v.
179
Suppose 0 = -2*z + 4*z - 4. Suppose -z*k = -3*k. Let q(c) = c**2 + c + 3. What are the prime factors of q(k)?
3
Let w = 1 + 0. Let t = w - -9. What are the prime factors of t?
2, 5
Let f be (-24)/(-16) - (-17)/2. Let y(j) = 3*j - 6. List the prime factors of y(f).
2, 3
Let j = -6 + 2. What are the prime factors of (3 - -1)*(-16)/j?
2
Suppose -5*g - 125 = -4*q - 44, q - 16 = -3*g. List the prime factors of q.
19
Let x = 0 + 1. Suppose -4*f + 31 = 5*g, -5*g - f + 19 = -0*f. List the prime factors of (-36)/(-8)*(g - x).
3
Let o be ((-9)/6)/(9/12). What are the prime factors of 2 + (3 + o - -2)?
5
Let o be 4/6 - (-13)/3. Let s = o - 5. Suppose 0 = -5*b + 3*m + 42, 5*b + m - 33 - 13 = s. What are the prime factors of b?
3
Let m(f) = 2*f**2 + 4*f - 6. Let h be m(-5). Suppose 0 = -2*a - a + h. What are the prime factors of a?
2
Let t = -5 - -9. Suppose -9 = -t*u + 27. What are the prime factors of u?
3
Let t be (3 - (-45)/(-12))*-24. Let y = t - 11. What are the prime factors of y?
7
Suppose -31 = -x + 2*f, f - 139 - 21 = -4*x. List the prime factors of x.
3, 13
Suppose -3*r = -2*t - 3*t - 310, -2*r = -5*t - 210. List the prime factors of r.
2, 5
Suppose 0 = -b + 2, -6 + 16 = -i + 5*b. Suppose -5*h + 19 - 4 = i. Suppose h*p + 0*v - 21 = -3*v, -3*v - 9 = -2*p. List the prime factors of p.
2, 3
Let b = 87 - 54. Suppose 2*m = b + 87. What are the prime factors of m?
2, 3, 5
Suppose -37 = 5*m - 7. Let r be ((-24)/10)/(m/20). Suppose 3*n - 22 = -4*g - r, 0 = -4*n - 3*g + 21. List the prime factors of n.
2, 3
Let g = 9 + -5. Suppose 17 = g*q - 23. List the prime factors of ((-24)/q)/((-4)/20).
2, 3
Let c = 97 - 153. List the prime factors of ((-4)/(-1))/((-16)/c).
2, 7
Let g = 96 + -59. What are the prime factors of g?
37
Let m be (1/3)/((-2)/(-12)). Suppose -m = -4*g - 18, -g = 2*f - 8. List the prime factors of f.
2, 3
Let z(d) = 9*d**2 + 3*d. List the prime factors of z(-2).
2, 3, 5
Let g(p) = -p - 2. Let w be g(-6). Suppose -w*l = l - 150. Let d = l - 21. List the prime factors of d.
3
Suppose 2*m = -4, 0 = 2*o - 0*m - 4*m - 12. What are the prime factors of o/(-3) - 440/(-12)?
2, 3
Let h = 16 + -10. What are the prime factors of h?
2, 3
Let r = 2 - -4. List the prime factors of r.
2, 3
Suppose -3*w + 309 = 3*g, -w + 2*g = 53 - 165. What are the prime factors of w?
2, 53
Let o(p) = p**2 - 6*p - 3. Let d be (3 + 11)*(-2)/(-4). Let b be o(d). Let u = b + 6. List the prime factors of u.
2, 5
Suppose 0 = 3*c + 3 - 21. List the prime factors of (-9)/((-3)/(c/1)).
2, 3
Let r = -18 + 30. Let g be r - (2 - 0)/2. Suppose 5*c + 1 = g. What are the prime factors of c?
2
Suppose -128 = -4*b - 36. Suppose 2*p - b = 13. What are the prime factors of p?
2, 3
Let f(w) = -3 + w - 3 + 5. Suppose 0 = -4*b + 20. List the prime factors of f(b).
2
Let w = 188 - 25. Suppose 6*h - 11 = w. What are the prime factors of h?
29
Let u be 4/3 - 4/(-6). Let j = 0 + 8. Suppose j = u*r - 0*r. What are the prime factors of r?
2
Let f be (-1)/2*(0 + -14). Suppose -2*r = -5*j - 12, r = j + j + f. List the prime factors of r.
11
Let g = -42 + 61. What are the prime factors of g?
19
Suppose 5*k - 240 = -5*n + 2*k, 0 = 3*n + 4*k - 133. What are the prime factors of n?
3, 17
Suppose 0 = -4*p - 1 + 17. Let u(c) = -c**3 + 4*c**2 + c + 3. List the prime factors of u(p).
7
What are the prime factors of (-13)/26 - 250/(-4)?
2, 31
Suppose -f - 4*f = 5*d - 85, -5*d + 86 = 4*f. Let g = -21 + 12. Let o = d + g. What are the prime factors of o?
3
Suppose z = -0*q - 4*q, -2*z = 3*q - 5. Suppose -2 - 6 = -j + z*m, 2*m = -2. What are the prime factors of j?
2
List the prime factors of 15/6*266/35.
19
Suppose -47 = -l + 16. Let j = l + -36. What are the prime factors of j?
3
Suppose -156 = 5*x - 416. What are the prime factors of x?
2, 13
Let t = 82 + -61. List the prime factors of t.
3, 7
Let l(w) = -2*w**2 + 2. Let j be l(-2). Let f(d) be the third derivative of -d**4/8 - 5*d**3/6 + 4*d**2. List the prime factors of f(j).
13
Suppose -5*b + 4*g - 12 = 0, g + 3 + 3 = -b. Let z(i) be the second derivative of -i**4/12 - i**3 - 5*i**2/2 - 4*i. What are the prime factors of z(b)?
3
Suppose -21 = z - 77. What are the prime factors of z?
2, 7
Let q = -6 - -9. Suppose -t = -0*z + 3*z - 3, q*t - 9 = 2*z. Suppose z*i + 44 = 2*r + i, 2*i = 4*r - 80. What are the prime factors of r?
3, 7
Suppose 3*l - 39 = 117. What are the prime factors of (11/22)/(2/l)?
13
Let u = 59 + -25. Let g = 57 - u. What are the prime factors of g?
23
Suppose -q + 32 = 5*j - 15, 3*j = -5*q + 279. List the prime factors of q.
3, 19
Let b be 1*4/((-12)/(-15)). Suppose -2*i - 12 = -b*i, -3*i = -5*q + 73. What are the prime factors of q?
17
Let f be (-2)/(-6)*(6 + 0). Suppose 0*k = -f*k. Suppose 2*c - 3 - 3 = k. What are the prime factors of c?
3
Suppose 16*y - 21*y + 345 = 0. What are the prime factors of y?
3, 23
Let o(p) = 2*p - 3. Let s be o(3). Let d be 2/s - (-2)/6. What are the prime factors of 2/4*(d - -3)?
2
Let i(v) = -78*v - 13. List the prime factors of i(-4).
13, 23
Let m = -12 - -18. Let f be (-2)/m - 16/(-3). What are the prime 